{"id":1023,"date":"2021-01-25T10:46:43","date_gmt":"2021-01-25T15:46:43","guid":{"rendered":"https:\/\/gabypaobarrera.com\/becreative\/?page_id=1023"},"modified":"2021-07-13T14:27:53","modified_gmt":"2021-07-13T19:27:53","slug":"masterclass-consultoria","status":"publish","type":"page","link":"https:\/\/gabypaobarrera.com\/becreative\/masterclass-consultoria\/","title":{"rendered":"Info Masterclass + Consultoria"},"content":{"rendered":"\t\t<div data-elementor-type=\"wp-page\" data-elementor-id=\"1023\" class=\"elementor elementor-1023\" data-elementor-post-type=\"page\">\n\t\t\t\t\t\t<section class=\"elementor-section elementor-top-section elementor-element elementor-element-86dc898 elementor-section-boxed elementor-section-height-default elementor-section-height-default\" data-id=\"86dc898\" data-element_type=\"section\">\n\t\t\t\t\t\t<div class=\"elementor-container elementor-column-gap-default\">\n\t\t\t\t\t<div class=\"elementor-column elementor-col-50 elementor-top-column elementor-element elementor-element-8708d28\" data-id=\"8708d28\" data-element_type=\"column\">\n\t\t\t<div class=\"elementor-widget-wrap elementor-element-populated\">\n\t\t\t\t\t\t<div class=\"elementor-element elementor-element-1716488 elementor-widget elementor-widget-video\" data-id=\"1716488\" data-element_type=\"widget\" data-settings=\"{&quot;youtube_url&quot;:&quot;https:\\\/\\\/www.youtube.com\\\/watch?v=qikUkXxJ_R4&amp;feature=youtu.be&quot;,&quot;video_type&quot;:&quot;youtube&quot;,&quot;controls&quot;:&quot;yes&quot;}\" data-widget_type=\"video.default\">\n\t\t\t\t<div class=\"elementor-widget-container\">\n\t\t\t\t\t\t\t<div class=\"elementor-wrapper elementor-open-inline\">\n\t\t\t<div class=\"elementor-video\"><\/div>\t\t<\/div>\n\t\t\t\t\t\t<\/div>\n\t\t\t\t<\/div>\n\t\t\t\t<div class=\"elementor-element elementor-element-a0ca034 elementor-widget elementor-widget-text-editor\" data-id=\"a0ca034\" data-element_type=\"widget\" data-widget_type=\"text-editor.default\">\n\t\t\t\t<div class=\"elementor-widget-container\">\n\t\t\t\t\t\t\t\t\t<p>Con esta Masterclass + 1 Consultor\u00eda recibir\u00e1s:<\/p>\t\t\t\t\t\t\t\t<\/div>\n\t\t\t\t<\/div>\n\t\t\t\t<div class=\"elementor-element elementor-element-f34beba elementor-widget elementor-widget-accordion\" data-id=\"f34beba\" data-element_type=\"widget\" data-widget_type=\"accordion.default\">\n\t\t\t\t<div class=\"elementor-widget-container\">\n\t\t\t\t\t\t\t<div class=\"elementor-accordion\">\n\t\t\t\t\t\t\t<div class=\"elementor-accordion-item\">\n\t\t\t\t\t<div id=\"elementor-tab-title-2551\" class=\"elementor-tab-title\" data-tab=\"1\" role=\"button\" aria-controls=\"elementor-tab-content-2551\" aria-expanded=\"false\">\n\t\t\t\t\t\t\t\t\t\t\t\t\t<span class=\"elementor-accordion-icon elementor-accordion-icon-right\" aria-hidden=\"true\">\n\t\t\t\t\t\t\t\t\t\t\t\t\t\t\t<span class=\"elementor-accordion-icon-closed\"><i class=\"fas fa-angle-down\"><\/i><\/span>\n\t\t\t\t\t\t\t\t<span class=\"elementor-accordion-icon-opened\"><i class=\"fas fa-angle-up\"><\/i><\/span>\n\t\t\t\t\t\t\t\t\t\t\t\t\t\t<\/span>\n\t\t\t\t\t\t\t\t\t\t\t\t<a class=\"elementor-accordion-title\" tabindex=\"0\">1. ACCESO DE POR VIDA AL VIDEO DEL MASTERCLASS GRABADO<\/a>\n\t\t\t\t\t<\/div>\n\t\t\t\t\t<div id=\"elementor-tab-content-2551\" class=\"elementor-tab-content elementor-clearfix\" data-tab=\"1\" role=\"region\" aria-labelledby=\"elementor-tab-title-2551\"><p>Mi misi\u00f3n con esta clase es ponerte de frente con tu creatividad, acabar con los mitos de tu ser creativo y guiarte a encontrar tu PROPIO ESTILO para resaltar con \u00e9xito en Redes Sociales. En esta clase aprender\u00e1s sobre:<\/p><p>\ud83e\udd13 TIPOS DE CREATIVIDAD<br \/>\ud83e\udd29 C\u00f3mo encontrar tu tipo de creatividad y sacar provecho de esa cualidad que YA TIENES.<br \/>\ud83d\ude0d Ideas y planes para re-conectar con tu ser creativo<br \/>\ud83d\ude0e TIPOS DE ESTILO<br \/>\ud83e\udd13 C\u00f3mo construir tu estilo, nombrarlo y vivirlo online y offline.<\/p><\/div>\n\t\t\t\t<\/div>\n\t\t\t\t\t\t\t<div class=\"elementor-accordion-item\">\n\t\t\t\t\t<div id=\"elementor-tab-title-2552\" class=\"elementor-tab-title\" data-tab=\"2\" role=\"button\" aria-controls=\"elementor-tab-content-2552\" aria-expanded=\"false\">\n\t\t\t\t\t\t\t\t\t\t\t\t\t<span class=\"elementor-accordion-icon elementor-accordion-icon-right\" aria-hidden=\"true\">\n\t\t\t\t\t\t\t\t\t\t\t\t\t\t\t<span class=\"elementor-accordion-icon-closed\"><i class=\"fas fa-angle-down\"><\/i><\/span>\n\t\t\t\t\t\t\t\t<span class=\"elementor-accordion-icon-opened\"><i class=\"fas fa-angle-up\"><\/i><\/span>\n\t\t\t\t\t\t\t\t\t\t\t\t\t\t<\/span>\n\t\t\t\t\t\t\t\t\t\t\t\t<a class=\"elementor-accordion-title\" tabindex=\"0\">2. CREATIVE BOOK -  DESCARGABLE con:<\/a>\n\t\t\t\t\t<\/div>\n\t\t\t\t\t<div id=\"elementor-tab-content-2552\" class=\"elementor-tab-content elementor-clearfix\" data-tab=\"2\" role=\"region\" aria-labelledby=\"elementor-tab-title-2552\"><p>Descubriendo mi tipo de creatividad.<br>Reto 5 d\u00edas para grabarte historias en Instagram.<br>Descubriendo y nombrado mi estilo.<\/p><\/div>\n\t\t\t\t<\/div>\n\t\t\t\t\t\t\t<div class=\"elementor-accordion-item\">\n\t\t\t\t\t<div id=\"elementor-tab-title-2553\" class=\"elementor-tab-title\" data-tab=\"3\" role=\"button\" aria-controls=\"elementor-tab-content-2553\" aria-expanded=\"false\">\n\t\t\t\t\t\t\t\t\t\t\t\t\t<span class=\"elementor-accordion-icon elementor-accordion-icon-right\" aria-hidden=\"true\">\n\t\t\t\t\t\t\t\t\t\t\t\t\t\t\t<span class=\"elementor-accordion-icon-closed\"><i class=\"fas fa-angle-down\"><\/i><\/span>\n\t\t\t\t\t\t\t\t<span class=\"elementor-accordion-icon-opened\"><i class=\"fas fa-angle-up\"><\/i><\/span>\n\t\t\t\t\t\t\t\t\t\t\t\t\t\t<\/span>\n\t\t\t\t\t\t\t\t\t\t\t\t<a class=\"elementor-accordion-title\" tabindex=\"0\">3. GUIA PARA PROYECTO CREATIVO:<\/a>\n\t\t\t\t\t<\/div>\n\t\t\t\t\t<div id=\"elementor-tab-content-2553\" class=\"elementor-tab-content elementor-clearfix\" data-tab=\"3\" role=\"region\" aria-labelledby=\"elementor-tab-title-2553\"><p>C\u00f3mo contar tu historia en video.<\/p><\/div>\n\t\t\t\t<\/div>\n\t\t\t\t\t\t\t<div class=\"elementor-accordion-item\">\n\t\t\t\t\t<div id=\"elementor-tab-title-2554\" class=\"elementor-tab-title\" data-tab=\"4\" role=\"button\" aria-controls=\"elementor-tab-content-2554\" aria-expanded=\"false\">\n\t\t\t\t\t\t\t\t\t\t\t\t\t<span class=\"elementor-accordion-icon elementor-accordion-icon-right\" aria-hidden=\"true\">\n\t\t\t\t\t\t\t\t\t\t\t\t\t\t\t<span class=\"elementor-accordion-icon-closed\"><i class=\"fas fa-angle-down\"><\/i><\/span>\n\t\t\t\t\t\t\t\t<span class=\"elementor-accordion-icon-opened\"><i class=\"fas fa-angle-up\"><\/i><\/span>\n\t\t\t\t\t\t\t\t\t\t\t\t\t\t<\/span>\n\t\t\t\t\t\t\t\t\t\t\t\t<a class=\"elementor-accordion-title\" tabindex=\"0\">4. SESI\u00d3N DE CONSULTOR\u00cdA DE CREATIVIDAD<\/a>\n\t\t\t\t\t<\/div>\n\t\t\t\t\t<div id=\"elementor-tab-content-2554\" class=\"elementor-tab-content elementor-clearfix\" data-tab=\"4\" role=\"region\" aria-labelledby=\"elementor-tab-title-2554\"><p>Mi experiencia y creatividad al servicio de tu marca.<\/p><p>Esta es una sesi\u00f3n privada (v\u00eda Zoom) para desbloquear cualquier inquietud que tengas con tu marca en Redes Sociales: Imagen, Estilo, Contenido, Voz de Marca o para generar ideas creativas y replantear estrategias que har\u00e1n tu negocio RESALTE en Redes Sociales.<\/p><\/div>\n\t\t\t\t<\/div>\n\t\t\t\t\t\t\t\t<\/div>\n\t\t\t\t\t\t<\/div>\n\t\t\t\t<\/div>\n\t\t\t\t\t<\/div>\n\t\t<\/div>\n\t\t\t\t<div class=\"elementor-column elementor-col-50 elementor-top-column elementor-element elementor-element-35e6937\" data-id=\"35e6937\" data-element_type=\"column\">\n\t\t\t<div class=\"elementor-widget-wrap elementor-element-populated\">\n\t\t\t\t\t\t<div class=\"elementor-element elementor-element-6d646d4 elementor-widget elementor-widget-heading\" data-id=\"6d646d4\" data-element_type=\"widget\" data-widget_type=\"heading.default\">\n\t\t\t\t<div class=\"elementor-widget-container\">\n\t\t\t\t\t<h2 class=\"elementor-heading-title elementor-size-default\">$99,99<\/h2>\t\t\t\t<\/div>\n\t\t\t\t<\/div>\n\t\t\t\t<div class=\"elementor-element elementor-element-0ce1ca4 elementor-align-center elementor-widget elementor-widget-button\" data-id=\"0ce1ca4\" data-element_type=\"widget\" data-widget_type=\"button.default\">\n\t\t\t\t<div class=\"elementor-widget-container\">\n\t\t\t\t\t\t\t\t\t<div class=\"elementor-button-wrapper\">\n\t\t\t\t\t<a class=\"elementor-button elementor-button-link elementor-size-md\" href=\"https:\/\/gabypaobarrera.com\/becreative\/registro\/\">\n\t\t\t\t\t\t<span class=\"elementor-button-content-wrapper\">\n\t\t\t\t\t\t<span class=\"elementor-button-icon\">\n\t\t\t\t<i aria-hidden=\"true\" class=\"fas fa-shopping-cart\"><\/i>\t\t\t<\/span>\n\t\t\t\t\t\t\t\t\t<span class=\"elementor-button-text\">COMPRAR<\/span>\n\t\t\t\t\t<\/span>\n\t\t\t\t\t<\/a>\n\t\t\t\t<\/div>\n\t\t\t\t\t\t\t\t<\/div>\n\t\t\t\t<\/div>\n\t\t\t\t\t<\/div>\n\t\t<\/div>\n\t\t\t\t\t<\/div>\n\t\t<\/section>\n\t\t\t\t<\/div>\n\t\t","protected":false},"excerpt":{"rendered":"<p>Con esta Masterclass + 1 Consultor\u00eda recibir\u00e1s: 1. ACCESO DE POR VIDA AL VIDEO DEL MASTERCLASS GRABADO Mi misi\u00f3n con esta clase es ponerte de frente con tu creatividad, acabar con los mitos de tu ser creativo y guiarte a encontrar tu PROPIO ESTILO para resaltar con \u00e9xito en Redes Sociales. En esta clase aprender\u00e1s [&hellip;]<\/p>\n","protected":false},"author":1,"featured_media":0,"parent":0,"menu_order":0,"comment_status":"closed","ping_status":"closed","template":"","meta":{"_mo_disable_npp":"","footnotes":""},"class_list":["post-1023","page","type-page","status-publish","hentry"],"yoast_head":"<!-- This site is optimized with the Yoast SEO plugin v26.9 - https:\/\/yoast.com\/product\/yoast-seo-wordpress\/ -->\n<title>Info Masterclass + Consultoria | BeCreative by GabyPao<\/title>\n<meta name=\"robots\" content=\"index, follow, max-snippet:-1, max-image-preview:large, max-video-preview:-1\" \/>\n<link rel=\"canonical\" href=\"https:\/\/gabypaobarrera.com\/becreative\/masterclass-consultoria\/\" \/>\n<meta property=\"og:locale\" content=\"es_ES\" \/>\n<meta property=\"og:type\" content=\"article\" \/>\n<meta property=\"og:title\" content=\"Info Masterclass + Consultoria | BeCreative by GabyPao\" \/>\n<meta property=\"og:description\" content=\"Con esta Masterclass + 1 Consultor\u00eda recibir\u00e1s: 1. ACCESO DE POR VIDA AL VIDEO DEL MASTERCLASS GRABADO Mi misi\u00f3n con esta clase es ponerte de frente con tu creatividad, acabar con los mitos de tu ser creativo y guiarte a encontrar tu PROPIO ESTILO para resaltar con \u00e9xito en Redes Sociales. En esta clase aprender\u00e1s [&hellip;]\" \/>\n<meta property=\"og:url\" content=\"https:\/\/gabypaobarrera.com\/becreative\/masterclass-consultoria\/\" \/>\n<meta property=\"og:site_name\" content=\"BeCreative by GabyPao\" \/>\n<meta property=\"article:modified_time\" content=\"2021-07-13T19:27:53+00:00\" \/>\n<meta name=\"twitter:card\" content=\"summary_large_image\" \/>\n<meta name=\"twitter:label1\" content=\"Tiempo de lectura\" \/>\n\t<meta name=\"twitter:data1\" content=\"1 minuto\" \/>\n<script type=\"application\/ld+json\" class=\"yoast-schema-graph\">{\"@context\":\"https:\/\/schema.org\",\"@graph\":[{\"@type\":\"WebPage\",\"@id\":\"https:\/\/gabypaobarrera.com\/becreative\/masterclass-consultoria\/\",\"url\":\"https:\/\/gabypaobarrera.com\/becreative\/masterclass-consultoria\/\",\"name\":\"Info Masterclass + Consultoria | BeCreative by GabyPao\",\"isPartOf\":{\"@id\":\"https:\/\/gabypaobarrera.com\/becreative\/#website\"},\"datePublished\":\"2021-01-25T15:46:43+00:00\",\"dateModified\":\"2021-07-13T19:27:53+00:00\",\"breadcrumb\":{\"@id\":\"https:\/\/gabypaobarrera.com\/becreative\/masterclass-consultoria\/#breadcrumb\"},\"inLanguage\":\"es\",\"potentialAction\":[{\"@type\":\"ReadAction\",\"target\":[\"https:\/\/gabypaobarrera.com\/becreative\/masterclass-consultoria\/\"]}]},{\"@type\":\"BreadcrumbList\",\"@id\":\"https:\/\/gabypaobarrera.com\/becreative\/masterclass-consultoria\/#breadcrumb\",\"itemListElement\":[{\"@type\":\"ListItem\",\"position\":1,\"name\":\"Portada\",\"item\":\"https:\/\/gabypaobarrera.com\/becreative\/\"},{\"@type\":\"ListItem\",\"position\":2,\"name\":\"Info Masterclass + Consultoria\"}]},{\"@type\":\"WebSite\",\"@id\":\"https:\/\/gabypaobarrera.com\/becreative\/#website\",\"url\":\"https:\/\/gabypaobarrera.com\/becreative\/\",\"name\":\"BeCreative by GabyPao\",\"description\":\"Creativa Digital\",\"publisher\":{\"@id\":\"https:\/\/gabypaobarrera.com\/becreative\/#organization\"},\"potentialAction\":[{\"@type\":\"SearchAction\",\"target\":{\"@type\":\"EntryPoint\",\"urlTemplate\":\"https:\/\/gabypaobarrera.com\/becreative\/?s={search_term_string}\"},\"query-input\":{\"@type\":\"PropertyValueSpecification\",\"valueRequired\":true,\"valueName\":\"search_term_string\"}}],\"inLanguage\":\"es\"},{\"@type\":\"Organization\",\"@id\":\"https:\/\/gabypaobarrera.com\/becreative\/#organization\",\"name\":\"BeCreative by GabyPao\",\"url\":\"https:\/\/gabypaobarrera.com\/becreative\/\",\"logo\":{\"@type\":\"ImageObject\",\"inLanguage\":\"es\",\"@id\":\"https:\/\/gabypaobarrera.com\/becreative\/#\/schema\/logo\/image\/\",\"url\":\"https:\/\/gabypaobarrera.com\/becreative\/wp-content\/uploads\/2020\/06\/logoretina_BeCreative-GabyPao.png\",\"contentUrl\":\"https:\/\/gabypaobarrera.com\/becreative\/wp-content\/uploads\/2020\/06\/logoretina_BeCreative-GabyPao.png\",\"width\":600,\"height\":180,\"caption\":\"BeCreative by GabyPao\"},\"image\":{\"@id\":\"https:\/\/gabypaobarrera.com\/becreative\/#\/schema\/logo\/image\/\"}}]}<\/script>\n<!-- \/ Yoast SEO plugin. -->","yoast_head_json":{"title":"Info Masterclass + Consultoria | BeCreative by GabyPao","robots":{"index":"index","follow":"follow","max-snippet":"max-snippet:-1","max-image-preview":"max-image-preview:large","max-video-preview":"max-video-preview:-1"},"canonical":"https:\/\/gabypaobarrera.com\/becreative\/masterclass-consultoria\/","og_locale":"es_ES","og_type":"article","og_title":"Info Masterclass + Consultoria | BeCreative by GabyPao","og_description":"Con esta Masterclass + 1 Consultor\u00eda recibir\u00e1s: 1. ACCESO DE POR VIDA AL VIDEO DEL MASTERCLASS GRABADO Mi misi\u00f3n con esta clase es ponerte de frente con tu creatividad, acabar con los mitos de tu ser creativo y guiarte a encontrar tu PROPIO ESTILO para resaltar con \u00e9xito en Redes Sociales. En esta clase aprender\u00e1s [&hellip;]","og_url":"https:\/\/gabypaobarrera.com\/becreative\/masterclass-consultoria\/","og_site_name":"BeCreative by GabyPao","article_modified_time":"2021-07-13T19:27:53+00:00","twitter_card":"summary_large_image","twitter_misc":{"Tiempo de lectura":"1 minuto"},"schema":{"@context":"https:\/\/schema.org","@graph":[{"@type":"WebPage","@id":"https:\/\/gabypaobarrera.com\/becreative\/masterclass-consultoria\/","url":"https:\/\/gabypaobarrera.com\/becreative\/masterclass-consultoria\/","name":"Info Masterclass + Consultoria | BeCreative by GabyPao","isPartOf":{"@id":"https:\/\/gabypaobarrera.com\/becreative\/#website"},"datePublished":"2021-01-25T15:46:43+00:00","dateModified":"2021-07-13T19:27:53+00:00","breadcrumb":{"@id":"https:\/\/gabypaobarrera.com\/becreative\/masterclass-consultoria\/#breadcrumb"},"inLanguage":"es","potentialAction":[{"@type":"ReadAction","target":["https:\/\/gabypaobarrera.com\/becreative\/masterclass-consultoria\/"]}]},{"@type":"BreadcrumbList","@id":"https:\/\/gabypaobarrera.com\/becreative\/masterclass-consultoria\/#breadcrumb","itemListElement":[{"@type":"ListItem","position":1,"name":"Portada","item":"https:\/\/gabypaobarrera.com\/becreative\/"},{"@type":"ListItem","position":2,"name":"Info Masterclass + Consultoria"}]},{"@type":"WebSite","@id":"https:\/\/gabypaobarrera.com\/becreative\/#website","url":"https:\/\/gabypaobarrera.com\/becreative\/","name":"BeCreative by GabyPao","description":"Creativa Digital","publisher":{"@id":"https:\/\/gabypaobarrera.com\/becreative\/#organization"},"potentialAction":[{"@type":"SearchAction","target":{"@type":"EntryPoint","urlTemplate":"https:\/\/gabypaobarrera.com\/becreative\/?s={search_term_string}"},"query-input":{"@type":"PropertyValueSpecification","valueRequired":true,"valueName":"search_term_string"}}],"inLanguage":"es"},{"@type":"Organization","@id":"https:\/\/gabypaobarrera.com\/becreative\/#organization","name":"BeCreative by GabyPao","url":"https:\/\/gabypaobarrera.com\/becreative\/","logo":{"@type":"ImageObject","inLanguage":"es","@id":"https:\/\/gabypaobarrera.com\/becreative\/#\/schema\/logo\/image\/","url":"https:\/\/gabypaobarrera.com\/becreative\/wp-content\/uploads\/2020\/06\/logoretina_BeCreative-GabyPao.png","contentUrl":"https:\/\/gabypaobarrera.com\/becreative\/wp-content\/uploads\/2020\/06\/logoretina_BeCreative-GabyPao.png","width":600,"height":180,"caption":"BeCreative by GabyPao"},"image":{"@id":"https:\/\/gabypaobarrera.com\/becreative\/#\/schema\/logo\/image\/"}}]}},"_links":{"self":[{"href":"https:\/\/gabypaobarrera.com\/becreative\/wp-json\/wp\/v2\/pages\/1023","targetHints":{"allow":["GET"]}}],"collection":[{"href":"https:\/\/gabypaobarrera.com\/becreative\/wp-json\/wp\/v2\/pages"}],"about":[{"href":"https:\/\/gabypaobarrera.com\/becreative\/wp-json\/wp\/v2\/types\/page"}],"author":[{"embeddable":true,"href":"https:\/\/gabypaobarrera.com\/becreative\/wp-json\/wp\/v2\/users\/1"}],"replies":[{"embeddable":true,"href":"https:\/\/gabypaobarrera.com\/becreative\/wp-json\/wp\/v2\/comments?post=1023"}],"version-history":[{"count":35,"href":"https:\/\/gabypaobarrera.com\/becreative\/wp-json\/wp\/v2\/pages\/1023\/revisions"}],"predecessor-version":[{"id":3258,"href":"https:\/\/gabypaobarrera.com\/becreative\/wp-json\/wp\/v2\/pages\/1023\/revisions\/3258"}],"wp:attachment":[{"href":"https:\/\/gabypaobarrera.com\/becreative\/wp-json\/wp\/v2\/media?parent=1023"}],"curies":[{"name":"wp","href":"https:\/\/api.w.org\/{rel}","templated":true}]}}